{"id":11095,"date":"2018-02-04T15:43:20","date_gmt":"2018-02-04T15:43:20","guid":{"rendered":"http:\/\/rifetheme.com\/cropps\/?page_id=11095"},"modified":"2026-03-03T17:28:29","modified_gmt":"2026-03-03T16:28:29","slug":"info-contact","status":"publish","type":"page","link":"https:\/\/www.leomedialuna.es\/gabrielmulet\/info-contact\/","title":{"rendered":"Info &#038; Contact"},"content":{"rendered":"\t\t<div data-elementor-type=\"wp-post\" data-elementor-id=\"11095\" class=\"elementor elementor-11095\">\n\t\t\t\t\t\t<section class=\"elementor-section elementor-top-section elementor-element elementor-element-6962e2f0 elementor-section-stretched elementor-section-boxed elementor-section-height-default elementor-section-height-default\" data-id=\"6962e2f0\" data-element_type=\"section\" data-settings=\"{&quot;stretch_section&quot;:&quot;section-stretched&quot;,&quot;background_background&quot;:&quot;classic&quot;,&quot;shape_divider_bottom&quot;:&quot;triangle&quot;,&quot;shape_divider_bottom_negative&quot;:&quot;yes&quot;}\">\n\t\t\t\t\t\t\t<div class=\"elementor-background-overlay\"><\/div>\n\t\t\t\t\t\t<div class=\"elementor-shape elementor-shape-bottom\" data-negative=\"true\">\n\t\t\t<svg xmlns=\"http:\/\/www.w3.org\/2000\/svg\" viewBox=\"0 0 1000 100\" preserveAspectRatio=\"none\">\n\t<path class=\"elementor-shape-fill\" d=\"M500.2,94.7L0,0v100h1000V0L500.2,94.7z\"\/>\n<\/svg>\t\t<\/div>\n\t\t\t\t\t<div class=\"elementor-container elementor-column-gap-default\">\n\t\t\t\t\t<div class=\"elementor-column elementor-col-100 elementor-top-column elementor-element elementor-element-513d0c2\" data-id=\"513d0c2\" data-element_type=\"column\">\n\t\t\t<div class=\"elementor-widget-wrap elementor-element-populated\">\n\t\t\t\t\t\t<div class=\"elementor-element elementor-element-15cdacec elementor-widget elementor-widget-heading\" data-id=\"15cdacec\" data-element_type=\"widget\" data-widget_type=\"heading.default\">\n\t\t\t\t<div class=\"elementor-widget-container\">\n\t\t\t\t\t<h2 class=\"elementor-heading-title elementor-size-default\">Soy Gabriel Mulet PANIZZA<\/h2>\t\t\t\t<\/div>\n\t\t\t\t<\/div>\n\t\t\t\t<div class=\"elementor-element elementor-element-1d050596 elementor-widget elementor-widget-heading\" data-id=\"1d050596\" data-element_type=\"widget\" data-widget_type=\"heading.default\">\n\t\t\t\t<div class=\"elementor-widget-container\">\n\t\t\t\t\t<h2 class=\"elementor-heading-title elementor-size-default\">Escritor, pintor, artista<\/h2>\t\t\t\t<\/div>\n\t\t\t\t<\/div>\n\t\t\t\t\t<\/div>\n\t\t<\/div>\n\t\t\t\t\t<\/div>\n\t\t<\/section>\n\t\t\t\t<section class=\"elementor-section elementor-top-section elementor-element elementor-element-5ee511a elementor-section-stretched elementor-section-content-middle elementor-section-boxed elementor-section-height-default elementor-section-height-default\" data-id=\"5ee511a\" data-element_type=\"section\" id=\"about\" data-settings=\"{&quot;stretch_section&quot;:&quot;section-stretched&quot;}\">\n\t\t\t\t\t\t<div class=\"elementor-container elementor-column-gap-extended\">\n\t\t\t\t\t<div class=\"elementor-column elementor-col-50 elementor-top-column elementor-element elementor-element-5a25b23\" data-id=\"5a25b23\" data-element_type=\"column\">\n\t\t\t<div class=\"elementor-widget-wrap elementor-element-populated\">\n\t\t\t\t\t\t<section class=\"elementor-section elementor-inner-section elementor-element elementor-element-a72fd91 elementor-section-boxed elementor-section-height-default elementor-section-height-default\" data-id=\"a72fd91\" data-element_type=\"section\">\n\t\t\t\t\t\t<div class=\"elementor-container elementor-column-gap-no\">\n\t\t\t\t\t<div class=\"elementor-column elementor-col-100 elementor-inner-column elementor-element elementor-element-231eaab\" data-id=\"231eaab\" data-element_type=\"column\">\n\t\t\t<div class=\"elementor-widget-wrap elementor-element-populated\">\n\t\t\t\t\t\t<div class=\"elementor-element elementor-element-5798137 elementor-widget elementor-widget-image\" data-id=\"5798137\" data-element_type=\"widget\" data-widget_type=\"image.default\">\n\t\t\t\t<div class=\"elementor-widget-container\">\n\t\t\t\t\t\t\t\t\t\t\t\t\t\t\t<img fetchpriority=\"high\" decoding=\"async\" width=\"683\" height=\"1024\" src=\"https:\/\/www.leomedialuna.es\/gabrielmulet\/wp-content\/uploads\/2024\/01\/evapalmer110-683x1024.jpg\" class=\"attachment-large size-large wp-image-11916\" alt=\"contacto de Gabriel Mulet\" srcset=\"https:\/\/www.leomedialuna.es\/gabrielmulet\/wp-content\/uploads\/2024\/01\/evapalmer110-683x1024.jpg 683w, https:\/\/www.leomedialuna.es\/gabrielmulet\/wp-content\/uploads\/2024\/01\/evapalmer110-200x300.jpg 200w, https:\/\/www.leomedialuna.es\/gabrielmulet\/wp-content\/uploads\/2024\/01\/evapalmer110-768x1152.jpg 768w, https:\/\/www.leomedialuna.es\/gabrielmulet\/wp-content\/uploads\/2024\/01\/evapalmer110-1024x1536.jpg 1024w, https:\/\/www.leomedialuna.es\/gabrielmulet\/wp-content\/uploads\/2024\/01\/evapalmer110.jpg 1280w\" sizes=\"(max-width: 683px) 100vw, 683px\" \/>\t\t\t\t\t\t\t\t\t\t\t\t\t\t\t<\/div>\n\t\t\t\t<\/div>\n\t\t\t\t<div class=\"elementor-element elementor-element-8087ce0 elementor-invisible elementor-widget elementor-widget-image\" data-id=\"8087ce0\" data-element_type=\"widget\" data-settings=\"{&quot;_animation&quot;:&quot;fadeInLeft&quot;}\" data-widget_type=\"image.default\">\n\t\t\t\t<div class=\"elementor-widget-container\">\n\t\t\t\t\t\t\t\t\t\t\t\t\t\t\t<img decoding=\"async\" src=\"https:\/\/www.leomedialuna.es\/gabrielmulet\/wp-content\/uploads\/2018\/02\/cropps-free-about5.jpg\" title=\"\" alt=\"\" loading=\"lazy\" \/>\t\t\t\t\t\t\t\t\t\t\t\t\t\t\t<\/div>\n\t\t\t\t<\/div>\n\t\t\t\t\t<\/div>\n\t\t<\/div>\n\t\t\t\t\t<\/div>\n\t\t<\/section>\n\t\t\t\t\t<\/div>\n\t\t<\/div>\n\t\t\t\t<div class=\"elementor-column elementor-col-50 elementor-top-column elementor-element elementor-element-254a326 elementor-invisible\" data-id=\"254a326\" data-element_type=\"column\" data-settings=\"{&quot;animation&quot;:&quot;fadeIn&quot;}\">\n\t\t\t<div class=\"elementor-widget-wrap elementor-element-populated\">\n\t\t\t\t\t\t<section class=\"elementor-section elementor-inner-section elementor-element elementor-element-2217c6f elementor-section-boxed elementor-section-height-default elementor-section-height-default\" data-id=\"2217c6f\" data-element_type=\"section\">\n\t\t\t\t\t\t<div class=\"elementor-container elementor-column-gap-default\">\n\t\t\t\t\t<div class=\"elementor-column elementor-col-100 elementor-inner-column elementor-element elementor-element-2665322\" data-id=\"2665322\" data-element_type=\"column\">\n\t\t\t<div class=\"elementor-widget-wrap elementor-element-populated\">\n\t\t\t\t\t\t<div class=\"elementor-element elementor-element-3b5ba27 elementor-widget elementor-widget-heading\" data-id=\"3b5ba27\" data-element_type=\"widget\" data-widget_type=\"heading.default\">\n\t\t\t\t<div class=\"elementor-widget-container\">\n\t\t\t\t\t<h2 class=\"elementor-heading-title elementor-size-default\">Puedes ponerte en contacto conmigo<\/h2>\t\t\t\t<\/div>\n\t\t\t\t<\/div>\n\t\t\t\t<div class=\"elementor-element elementor-element-9d45575 elementor-widget elementor-widget-text-editor\" data-id=\"9d45575\" data-element_type=\"widget\" data-widget_type=\"text-editor.default\">\n\t\t\t\t<div class=\"elementor-widget-container\">\n\t\t\t\t\t\t\t\t\t<p>Gabriel Mulet PANIZZA &#8211; Mallorca, Spain &#8211; <a href=\"tel:+34689145131\">+34 \u00a0689 145 131<\/a> &#8211; <a href=\"mailto:gabriel@panizza.es\">gabriel@panizza.es<\/a><\/p><div class=\"forminator-ui forminator-custom-form forminator-custom-form-11899 forminator-design--default  forminator_ajax\" data-forminator-render=\"0\" data-form=\"forminator-module-11899\" data-uid=\"69e378f6a9101\"><br\/><\/div><form\n\t\t\t\tid=\"forminator-module-11899\"\n\t\t\t\tclass=\"forminator-ui forminator-custom-form forminator-custom-form-11899 forminator-design--default  forminator_ajax\"\n\t\t\t\tmethod=\"post\"\n\t\t\t\tdata-forminator-render=\"0\"\n\t\t\t\tdata-form-id=\"11899\"\n\t\t\t\t\n\t\t\t\tdata-design=\"default\"\n\t\t\t\t\n\t\t\t\t\n\t\t\t\t\n\t\t\t\tdata-grid=\"open\"\n\t\t\t\t\n\t\t\t\t\n\t\t\t\tstyle=\"display: none;\"\n\t\t\t\t\n\t\t\t\tdata-uid=\"69e378f6a9101\"\n\t\t\t><div role=\"alert\" aria-live=\"polite\" class=\"forminator-response-message forminator-error\" aria-hidden=\"true\"><\/div><div class=\"forminator-row\"><div id=\"name-1\" class=\"forminator-field-name forminator-col forminator-col-12 \"><div class=\"forminator-field\"><label for=\"forminator-field-name-1_69e378f6a9101\" id=\"forminator-field-name-1_69e378f6a9101-label\" class=\"forminator-label\">Nombre <span class=\"forminator-required\">*<\/span><\/label><input type=\"text\" name=\"name-1\" value=\"\" placeholder=\"Ejemplo: Juan\" id=\"forminator-field-name-1_69e378f6a9101\" class=\"forminator-input forminator-name--field\" aria-required=\"true\" \/><\/div><\/div><\/div><div class=\"forminator-row\"><div id=\"email-1\" class=\"forminator-field-email forminator-col forminator-col-12 \"><div class=\"forminator-field\"><label for=\"forminator-field-email-1_69e378f6a9101\" id=\"forminator-field-email-1_69e378f6a9101-label\" class=\"forminator-label\">Direcci\u00f3n de correo electr\u00f3nico <span class=\"forminator-required\">*<\/span><\/label><input type=\"email\" name=\"email-1\" value=\"\" placeholder=\"Ej . : john@doe.com\" id=\"forminator-field-email-1_69e378f6a9101\" class=\"forminator-input forminator-email--field\" data-required=\"true\" aria-required=\"true\" \/><\/div><\/div><\/div><div class=\"forminator-row\"><div id=\"phone-1\" class=\"forminator-field-phone forminator-col forminator-col-12 \"><div class=\"forminator-field\"><label for=\"forminator-field-phone-1_69e378f6a9101\" id=\"forminator-field-phone-1_69e378f6a9101-label\" class=\"forminator-label\">N\u00famero de tel\u00e9fono<\/label><input type=\"text\" name=\"phone-1\" value=\"\" placeholder=\"Ejemplo: +1 3004005000\" id=\"forminator-field-phone-1_69e378f6a9101\" class=\"forminator-input forminator-field--phone\" data-required=\"\" aria-required=\"false\" autocomplete=\"off\" \/><\/div><\/div><\/div><div class=\"forminator-row\"><div id=\"textarea-1\" class=\"forminator-field-textarea forminator-col forminator-col-12 \"><div class=\"forminator-field\"><label for=\"forminator-field-textarea-1_69e378f6a9101\" id=\"forminator-field-textarea-1_69e378f6a9101-label\" class=\"forminator-label\">Mensaje<\/label><textarea name=\"textarea-1\" placeholder=\"Introduce tu mensaje...\" id=\"forminator-field-textarea-1_69e378f6a9101\" class=\"forminator-textarea\" rows=\"6\" style=\"min-height:140px;\" maxlength=\"180\" ><\/textarea><span id=\"forminator-field-textarea-1_69e378f6a9101-description\" class=\"forminator-description\"><span data-limit=\"180\" data-type=\"characters\" data-editor=\"\">0 \/ 180<\/span><\/span><\/div><\/div><\/div><input type=\"hidden\" name=\"referer_url\" value=\"\" \/><div class=\"forminator-row forminator-row-last\"><div class=\"forminator-col\"><div class=\"forminator-field\"><button class=\"forminator-button forminator-button-submit\">Enviar mensaje<\/button><\/div><\/div><\/div><input type=\"hidden\" id=\"forminator_nonce\" name=\"forminator_nonce\" value=\"2d4b7702db\" \/><input type=\"hidden\" name=\"_wp_http_referer\" value=\"\/gabrielmulet\/wp-json\/wp\/v2\/pages\/11095\" \/><input type=\"hidden\" name=\"form_id\" value=\"11899\"><input type=\"hidden\" name=\"page_id\" value=\"11095\"><input type=\"hidden\" name=\"form_type\" value=\"default\"><input type=\"hidden\" name=\"current_url\" value=\"https:\/\/www.leomedialuna.es\/gabrielmulet\/info-contact\/\"><input type=\"hidden\" name=\"render_id\" value=\"0\"><input type=\"hidden\" name=\"action\" value=\"forminator_submit_form_custom-forms\"><\/form>\t\t\t\t\t\t\t\t<\/div>\n\t\t\t\t<\/div>\n\t\t\t\t<div class=\"elementor-element elementor-element-60c7ccf elementor-widget elementor-widget-spacer\" data-id=\"60c7ccf\" data-element_type=\"widget\" data-widget_type=\"spacer.default\">\n\t\t\t\t<div class=\"elementor-widget-container\">\n\t\t\t\t\t\t\t<div class=\"elementor-spacer\">\n\t\t\t<div class=\"elementor-spacer-inner\"><\/div>\n\t\t<\/div>\n\t\t\t\t\t\t<\/div>\n\t\t\t\t<\/div>\n\t\t\t\t\t<\/div>\n\t\t<\/div>\n\t\t\t\t\t<\/div>\n\t\t<\/section>\n\t\t\t\t\t<\/div>\n\t\t<\/div>\n\t\t\t\t\t<\/div>\n\t\t<\/section>\n\t\t<div class=\"elementor-element elementor-element-e22f33d e-flex e-con-boxed e-con e-parent\" data-id=\"e22f33d\" data-element_type=\"container\">\n\t\t\t\t\t<div class=\"e-con-inner\">\n\t\t\t\t<div class=\"elementor-element elementor-element-72ec439 elementor-widget elementor-widget-text-editor\" data-id=\"72ec439\" data-element_type=\"widget\" data-widget_type=\"text-editor.default\">\n\t\t\t\t<div class=\"elementor-widget-container\">\n\t\t\t\t\t\t\t\t\t<p><span data-sheets-root=\"1\">Abraza la emoci\u00f3n de una sala creada para campeones en <a class=\"in-cell-link\" href=\"https:\/\/casinoswazamba.com\/\" target=\"_blank\" rel=\"noopener\">casinoswazamba.com<\/a>. Aqu\u00ed te esperan recompensas exclusivas y ventajas premium, mientras la herencia del azar refuerza tu confianza y t\u00fa mueve tus fichas como la \u00e9lite. No esperes m\u00e1s: activa tu sesi\u00f3n y busca el jackpot.<\/span><\/p>\t\t\t\t\t\t\t\t<\/div>\n\t\t\t\t<\/div>\n\t\t\t\t\t<\/div>\n\t\t\t\t<\/div>\n\t\t\t\t<\/div>\n\t\t","protected":false},"excerpt":{"rendered":"<p>Soy Gabriel Mulet PANIZZA Escritor, pintor, artista Puedes ponerte en contacto conmigo Gabriel Mulet PANIZZA &#8211; Mallorca, Spain &#8211; +34 \u00a0689 145 131 &#8211; gabriel@panizza.es Abraza la emoci\u00f3n de una&hellip;<\/p>\n<p> <a class=\"more-link\" href=\"https:\/\/www.leomedialuna.es\/gabrielmulet\/info-contact\/\">Leer m\u00e1s<\/a><\/p>\n","protected":false},"author":1,"featured_media":11916,"parent":0,"menu_order":0,"comment_status":"closed","ping_status":"closed","template":"","meta":{"footnotes":""},"class_list":["post-11095","page","type-page","status-publish","has-post-thumbnail"],"yoast_head":"<!-- This site is optimized with the Yoast SEO plugin v24.3 - https:\/\/yoast.com\/wordpress\/plugins\/seo\/ -->\n<title>Datos de contacto de Gabriel Mulet PANIZZA<\/title>\n<meta name=\"description\" content=\"Gabriel Mulet PANIZZA \u2013 Mallorca, Spain \u2013 +34 689 145 131 \u2013 gabriel@panizza.es. Informaci\u00f3n y contacto de mi obra y mi arte.\" \/>\n<meta name=\"robots\" content=\"index, follow, max-snippet:-1, max-image-preview:large, max-video-preview:-1\" \/>\n<link rel=\"canonical\" href=\"https:\/\/www.leomedialuna.es\/gabrielmulet\/info-contact\/\" \/>\n<meta property=\"og:locale\" content=\"es_ES\" \/>\n<meta property=\"og:type\" content=\"article\" \/>\n<meta property=\"og:title\" content=\"Datos de contacto de Gabriel Mulet PANIZZA\" \/>\n<meta property=\"og:description\" content=\"Gabriel Mulet PANIZZA \u2013 Mallorca, Spain \u2013 +34 689 145 131 \u2013 gabriel@panizza.es. Informaci\u00f3n y contacto de mi obra y mi arte.\" \/>\n<meta property=\"og:url\" content=\"https:\/\/www.leomedialuna.es\/gabrielmulet\/info-contact\/\" \/>\n<meta property=\"og:site_name\" content=\"Gabriel Mulet PANIZZA\" \/>\n<meta property=\"article:publisher\" content=\"https:\/\/www.facebook.com\/gabriel.mulet.96\" \/>\n<meta property=\"article:modified_time\" content=\"2026-03-03T16:28:29+00:00\" \/>\n<meta property=\"og:image\" content=\"https:\/\/www.leomedialuna.es\/gabrielmulet\/wp-content\/uploads\/2024\/01\/evapalmer110.jpg\" \/>\n\t<meta property=\"og:image:width\" content=\"1280\" \/>\n\t<meta property=\"og:image:height\" content=\"1920\" \/>\n\t<meta property=\"og:image:type\" content=\"image\/jpeg\" \/>\n<meta name=\"twitter:card\" content=\"summary_large_image\" \/>\n<meta name=\"twitter:site\" content=\"@GmMulet\" \/>\n<meta name=\"twitter:label1\" content=\"Tiempo de lectura\" \/>\n\t<meta name=\"twitter:data1\" content=\"1 minuto\" \/>\n<script type=\"application\/ld+json\" class=\"yoast-schema-graph\">{\"@context\":\"https:\/\/schema.org\",\"@graph\":[{\"@type\":\"WebPage\",\"@id\":\"https:\/\/www.leomedialuna.es\/gabrielmulet\/info-contact\/\",\"url\":\"https:\/\/www.leomedialuna.es\/gabrielmulet\/info-contact\/\",\"name\":\"Datos de contacto de Gabriel Mulet PANIZZA\",\"isPartOf\":{\"@id\":\"https:\/\/www.leomedialuna.es\/gabrielmulet\/#website\"},\"primaryImageOfPage\":{\"@id\":\"https:\/\/www.leomedialuna.es\/gabrielmulet\/info-contact\/#primaryimage\"},\"image\":{\"@id\":\"https:\/\/www.leomedialuna.es\/gabrielmulet\/info-contact\/#primaryimage\"},\"thumbnailUrl\":\"https:\/\/www.leomedialuna.es\/gabrielmulet\/wp-content\/uploads\/2024\/01\/evapalmer110.jpg\",\"datePublished\":\"2018-02-04T15:43:20+00:00\",\"dateModified\":\"2026-03-03T16:28:29+00:00\",\"description\":\"Gabriel Mulet PANIZZA \u2013 Mallorca, Spain \u2013 +34 689 145 131 \u2013 gabriel@panizza.es. Informaci\u00f3n y contacto de mi obra y mi arte.\",\"breadcrumb\":{\"@id\":\"https:\/\/www.leomedialuna.es\/gabrielmulet\/info-contact\/#breadcrumb\"},\"inLanguage\":\"es\",\"potentialAction\":[{\"@type\":\"ReadAction\",\"target\":[\"https:\/\/www.leomedialuna.es\/gabrielmulet\/info-contact\/\"]}]},{\"@type\":\"ImageObject\",\"inLanguage\":\"es\",\"@id\":\"https:\/\/www.leomedialuna.es\/gabrielmulet\/info-contact\/#primaryimage\",\"url\":\"https:\/\/www.leomedialuna.es\/gabrielmulet\/wp-content\/uploads\/2024\/01\/evapalmer110.jpg\",\"contentUrl\":\"https:\/\/www.leomedialuna.es\/gabrielmulet\/wp-content\/uploads\/2024\/01\/evapalmer110.jpg\",\"width\":1280,\"height\":1920,\"caption\":\"contacto de Gabriel Mulet\"},{\"@type\":\"BreadcrumbList\",\"@id\":\"https:\/\/www.leomedialuna.es\/gabrielmulet\/info-contact\/#breadcrumb\",\"itemListElement\":[{\"@type\":\"ListItem\",\"position\":1,\"name\":\"Portada\",\"item\":\"https:\/\/www.leomedialuna.es\/gabrielmulet\/\"},{\"@type\":\"ListItem\",\"position\":2,\"name\":\"Info &#038; Contact\"}]},{\"@type\":\"WebSite\",\"@id\":\"https:\/\/www.leomedialuna.es\/gabrielmulet\/#website\",\"url\":\"https:\/\/www.leomedialuna.es\/gabrielmulet\/\",\"name\":\"Gabriel Mulet\",\"description\":\"La Trama Sch\u00e4fer\",\"publisher\":{\"@id\":\"https:\/\/www.leomedialuna.es\/gabrielmulet\/#organization\"},\"alternateName\":\"escritor, pintor, artista multidisciplinar\",\"potentialAction\":[{\"@type\":\"SearchAction\",\"target\":{\"@type\":\"EntryPoint\",\"urlTemplate\":\"https:\/\/www.leomedialuna.es\/gabrielmulet\/?s={search_term_string}\"},\"query-input\":{\"@type\":\"PropertyValueSpecification\",\"valueRequired\":true,\"valueName\":\"search_term_string\"}}],\"inLanguage\":\"es\"},{\"@type\":\"Organization\",\"@id\":\"https:\/\/www.leomedialuna.es\/gabrielmulet\/#organization\",\"name\":\"Escritor, pintor, artista multidisciplinar\",\"url\":\"https:\/\/www.leomedialuna.es\/gabrielmulet\/\",\"logo\":{\"@type\":\"ImageObject\",\"inLanguage\":\"es\",\"@id\":\"https:\/\/www.leomedialuna.es\/gabrielmulet\/#\/schema\/logo\/image\/\",\"url\":\"https:\/\/www.leomedialuna.es\/gabrielmulet\/wp-content\/uploads\/2024\/01\/cropped-gabriel_mulet_logo.jpg\",\"contentUrl\":\"https:\/\/www.leomedialuna.es\/gabrielmulet\/wp-content\/uploads\/2024\/01\/cropped-gabriel_mulet_logo.jpg\",\"width\":859,\"height\":323,\"caption\":\"Escritor, pintor, artista multidisciplinar\"},\"image\":{\"@id\":\"https:\/\/www.leomedialuna.es\/gabrielmulet\/#\/schema\/logo\/image\/\"},\"sameAs\":[\"https:\/\/www.facebook.com\/gabriel.mulet.96\",\"https:\/\/x.com\/GmMulet\",\"https:\/\/www.instagram.com\/bielmpanizza\/\"]}]}<\/script>\n<!-- \/ Yoast SEO plugin. -->","yoast_head_json":{"title":"Datos de contacto de Gabriel Mulet PANIZZA","description":"Gabriel Mulet PANIZZA \u2013 Mallorca, Spain \u2013 +34 689 145 131 \u2013 gabriel@panizza.es. Informaci\u00f3n y contacto de mi obra y mi arte.","robots":{"index":"index","follow":"follow","max-snippet":"max-snippet:-1","max-image-preview":"max-image-preview:large","max-video-preview":"max-video-preview:-1"},"canonical":"https:\/\/www.leomedialuna.es\/gabrielmulet\/info-contact\/","og_locale":"es_ES","og_type":"article","og_title":"Datos de contacto de Gabriel Mulet PANIZZA","og_description":"Gabriel Mulet PANIZZA \u2013 Mallorca, Spain \u2013 +34 689 145 131 \u2013 gabriel@panizza.es. Informaci\u00f3n y contacto de mi obra y mi arte.","og_url":"https:\/\/www.leomedialuna.es\/gabrielmulet\/info-contact\/","og_site_name":"Gabriel Mulet PANIZZA","article_publisher":"https:\/\/www.facebook.com\/gabriel.mulet.96","article_modified_time":"2026-03-03T16:28:29+00:00","og_image":[{"width":1280,"height":1920,"url":"https:\/\/www.leomedialuna.es\/gabrielmulet\/wp-content\/uploads\/2024\/01\/evapalmer110.jpg","type":"image\/jpeg"}],"twitter_card":"summary_large_image","twitter_site":"@GmMulet","twitter_misc":{"Tiempo de lectura":"1 minuto"},"schema":{"@context":"https:\/\/schema.org","@graph":[{"@type":"WebPage","@id":"https:\/\/www.leomedialuna.es\/gabrielmulet\/info-contact\/","url":"https:\/\/www.leomedialuna.es\/gabrielmulet\/info-contact\/","name":"Datos de contacto de Gabriel Mulet PANIZZA","isPartOf":{"@id":"https:\/\/www.leomedialuna.es\/gabrielmulet\/#website"},"primaryImageOfPage":{"@id":"https:\/\/www.leomedialuna.es\/gabrielmulet\/info-contact\/#primaryimage"},"image":{"@id":"https:\/\/www.leomedialuna.es\/gabrielmulet\/info-contact\/#primaryimage"},"thumbnailUrl":"https:\/\/www.leomedialuna.es\/gabrielmulet\/wp-content\/uploads\/2024\/01\/evapalmer110.jpg","datePublished":"2018-02-04T15:43:20+00:00","dateModified":"2026-03-03T16:28:29+00:00","description":"Gabriel Mulet PANIZZA \u2013 Mallorca, Spain \u2013 +34 689 145 131 \u2013 gabriel@panizza.es. Informaci\u00f3n y contacto de mi obra y mi arte.","breadcrumb":{"@id":"https:\/\/www.leomedialuna.es\/gabrielmulet\/info-contact\/#breadcrumb"},"inLanguage":"es","potentialAction":[{"@type":"ReadAction","target":["https:\/\/www.leomedialuna.es\/gabrielmulet\/info-contact\/"]}]},{"@type":"ImageObject","inLanguage":"es","@id":"https:\/\/www.leomedialuna.es\/gabrielmulet\/info-contact\/#primaryimage","url":"https:\/\/www.leomedialuna.es\/gabrielmulet\/wp-content\/uploads\/2024\/01\/evapalmer110.jpg","contentUrl":"https:\/\/www.leomedialuna.es\/gabrielmulet\/wp-content\/uploads\/2024\/01\/evapalmer110.jpg","width":1280,"height":1920,"caption":"contacto de Gabriel Mulet"},{"@type":"BreadcrumbList","@id":"https:\/\/www.leomedialuna.es\/gabrielmulet\/info-contact\/#breadcrumb","itemListElement":[{"@type":"ListItem","position":1,"name":"Portada","item":"https:\/\/www.leomedialuna.es\/gabrielmulet\/"},{"@type":"ListItem","position":2,"name":"Info &#038; Contact"}]},{"@type":"WebSite","@id":"https:\/\/www.leomedialuna.es\/gabrielmulet\/#website","url":"https:\/\/www.leomedialuna.es\/gabrielmulet\/","name":"Gabriel Mulet","description":"La Trama Sch\u00e4fer","publisher":{"@id":"https:\/\/www.leomedialuna.es\/gabrielmulet\/#organization"},"alternateName":"escritor, pintor, artista multidisciplinar","potentialAction":[{"@type":"SearchAction","target":{"@type":"EntryPoint","urlTemplate":"https:\/\/www.leomedialuna.es\/gabrielmulet\/?s={search_term_string}"},"query-input":{"@type":"PropertyValueSpecification","valueRequired":true,"valueName":"search_term_string"}}],"inLanguage":"es"},{"@type":"Organization","@id":"https:\/\/www.leomedialuna.es\/gabrielmulet\/#organization","name":"Escritor, pintor, artista multidisciplinar","url":"https:\/\/www.leomedialuna.es\/gabrielmulet\/","logo":{"@type":"ImageObject","inLanguage":"es","@id":"https:\/\/www.leomedialuna.es\/gabrielmulet\/#\/schema\/logo\/image\/","url":"https:\/\/www.leomedialuna.es\/gabrielmulet\/wp-content\/uploads\/2024\/01\/cropped-gabriel_mulet_logo.jpg","contentUrl":"https:\/\/www.leomedialuna.es\/gabrielmulet\/wp-content\/uploads\/2024\/01\/cropped-gabriel_mulet_logo.jpg","width":859,"height":323,"caption":"Escritor, pintor, artista multidisciplinar"},"image":{"@id":"https:\/\/www.leomedialuna.es\/gabrielmulet\/#\/schema\/logo\/image\/"},"sameAs":["https:\/\/www.facebook.com\/gabriel.mulet.96","https:\/\/x.com\/GmMulet","https:\/\/www.instagram.com\/bielmpanizza\/"]}]}},"_links":{"self":[{"href":"https:\/\/www.leomedialuna.es\/gabrielmulet\/wp-json\/wp\/v2\/pages\/11095","targetHints":{"allow":["GET"]}}],"collection":[{"href":"https:\/\/www.leomedialuna.es\/gabrielmulet\/wp-json\/wp\/v2\/pages"}],"about":[{"href":"https:\/\/www.leomedialuna.es\/gabrielmulet\/wp-json\/wp\/v2\/types\/page"}],"author":[{"embeddable":true,"href":"https:\/\/www.leomedialuna.es\/gabrielmulet\/wp-json\/wp\/v2\/users\/1"}],"replies":[{"embeddable":true,"href":"https:\/\/www.leomedialuna.es\/gabrielmulet\/wp-json\/wp\/v2\/comments?post=11095"}],"version-history":[{"count":29,"href":"https:\/\/www.leomedialuna.es\/gabrielmulet\/wp-json\/wp\/v2\/pages\/11095\/revisions"}],"predecessor-version":[{"id":12506,"href":"https:\/\/www.leomedialuna.es\/gabrielmulet\/wp-json\/wp\/v2\/pages\/11095\/revisions\/12506"}],"wp:featuredmedia":[{"embeddable":true,"href":"https:\/\/www.leomedialuna.es\/gabrielmulet\/wp-json\/wp\/v2\/media\/11916"}],"wp:attachment":[{"href":"https:\/\/www.leomedialuna.es\/gabrielmulet\/wp-json\/wp\/v2\/media?parent=11095"}],"curies":[{"name":"wp","href":"https:\/\/api.w.org\/{rel}","templated":true}]}}